ve of n(h). Give l(d).
-5
Let m = 151 - 146. Suppose -1 = w + d - 0*d, m = 4*w - 5*d. Let k(b) = -2 - 3 - b - 2*b**3 + b**3. Determine k(w).
-5
Let j be (11 + (-682)/77)*14. Let l(b) be the third derivative of j*b**2 + 0 - 1/6*b**4 + 1/3*b**3 + 0*b. Determine l(4).
-14
Let y(m) = -m**3 + m**2 - 14. Let n(a) = a + 4. Let w be n(-4). Suppose w = -6*h + 8*h - 20. Suppose h*r - 12*r = 0. What is y(r)?
-14
Let y(g) = g**2 + 7*g. Let k be ((-2)/(-6))/((-8)/(-72)). Suppose 92 = 2*p + i, p + k*p + i = 188. Let f = p + -54. What is y(f)?
-6
Let g(l) = -1. Let n(p) be the third derivative of p**4/8 - 5*p**3/3 + 37*p**2. Let f(d) = -6*g(d) + n(d). Determine f(6).
14
Let b(y) = 113 - 32 - 13 - 16*y + 44. Determine b(8).
-16
Suppose 36*f - 24 = 34*f. Suppose -f*c + 88 = 28. Let l(j) = j**3 - 5*j**2 - 2*j - 3. Calculate l(c).
-13
Suppose -n + 1 = 0, n + 89 = 2*v + 4*n. Suppose 5*g + 3*s = v, 0 = 5*g - 0*s + 4*s - 44. Let l(u) = 1 + u**2 - u + 5*u - 8*u - 3*u - 6. Calculate l(g).
3
Let p(l) = 33*l - 19. Let j(r) = -71*r + 41. Let t(d) = 6*j(d) + 13*p(d). Calculate t(3).
8
Let s(i) = -i + 18 - 8 - 1. Let d be (0/(-7))/((0 + 2)/(-2)). Determine s(d).
9
Let c(q) be the third derivative of 1/24*q**4 + 0*q - 73*q**2 + 7/3*q**3 + 0. Give c(-9).
5
Let z(b) = -12*b**2 + 5 + 67*b**3 - 19 - 11*b**2 - 68*b**3. Give z(-23).
-14
Let f = -22733 - -22731. Let o(h) = -14*h**3 - 5*h**2 - 10*h - 2. Calculate o(f).
110
Let m(c) = 9*c**2 - 7. Let b(v) = -1. Let r(y) = 6*b(y) - m(y). Suppose -3*q + 3644*o - 3648*o + 15 = 0, 5*q + 1 = 2*o. What is r(q)?
-8
Let l(q) = q**3 + 10*q**2 - 19*q - 86. Let h be l(-11). Let k(t) = -23*t**2 - 14*t - 9 - 26*t**2 + 66*t**h - 18*t**2. Determine k(-14).
-9
Let m(k) = 6*k**2 + k - 1. Suppose -3*f = -16*f + 273. Let g be (-580)/(-50) + (-1 - f/(-15)). Suppose -3*z - g = -4*b - 2, -4*b = -z - 6. Calculate m(b).
6
Suppose 4*d + 4*u = 16 - 40, 2*d - 4*u = 0. Let r(o) = 8*o - 3. Let x(m) = -4*m + 1. Let p(f) = d*r(f) - 7*x(f). Give p(5).
-15
Let j be (-2)/5 - (-224)/10. Suppose -j*h = -13*h. Let m(t) = t**3 - t + 3. Calculate m(h).
3
Suppose 6*d + 2 = -0*d - 46. Let m(q) = 3*q - 10. Give m(d).
-34
Let d(c) be the first derivative of -c**4/4 - 22*c**3/3 - 10*c**2 + 38*c + 952. What is d(-21)?
17
Let l(d) = -d + 5. Let h be (8/20 + 0)/(1/625). Let z = h - 250. Determine l(z).
5
Let h(g) be the first derivative of g**4/4 - 2*g**3 + 5*g**2/2 - 15*g - 22. Let t be h(4). Let w = 27 + t. Let v(o) = -o**2 + o + 14. Calculate v(w).
14
Suppose 4*y + 15 = -o, 0 = 4*o - 20*y + 24*y. Let h(m) = 5*m + 9. Give h(o).
34
Let a(f) = -f**2 - 18*f + 12. Suppose -m = -2*c - 21, 26*c + 4*m = 27*c - 21. Calculate a(c).
57
Let p(m) be the second derivative of 43*m**3/2 + 379*m**2/2 + 4445*m. Calculate p(-3).
-8
Let f(u) = -4*u + 21. Let b = 12 - 7. Let j(m) = -5*m + 20 + 23 - 22. Let z(h) = b*j(h) - 6*f(h). Calculate z(0).
-21
Let g(s) = -1141*s - 6. Let n be g(0). Let j(w) = -20*w - 8. Give j(n).
112
Let k(z) = -z**2 + 2*z - 7. Let d be ((-4)/(-2))/((-128)/192) - 6. Give k(d).
-106
Suppose -151 = -92*l - 25*l + 2891. Let k(d) = -3*d + 64. Calculate k(l).
-14
Suppose 2*v - y - 1 = 0, 2*y + 2 = 26*v - 21*v. Let x(d) = -3*d - 5 + 2*d + 4. Give x(v).
-1
Let o(s) be the first derivative of -5*s**4/24 - s**3/3 + 37*s**2 + 110. Let w(n) be the second derivative of o(n). Determine w(2).
-12
Let v(l) = -5*l - 34. Suppose 2*q - 2*f = -20, -67 = -9*q + 13*q + 5*f. Determine v(q).
31
Suppose z - 3*f - 3 = -0*z, 5*f - 6 = -2*z. Let d(i) = i + i + 2*i**2 - 3 + z. Suppose 0 = 113*b + 107*b + 660. Calculate d(b).
12
Let f(o) be the first derivative of -o**2 + 66*o + 6537. Calculate f(34).
-2
Let m(s) = -2*s - 48. Let c be m(-24). Let a(d) = c*d + 2*d - 10 + 5 - 7. What is a(8)?
4
Suppose 3*z + 30 = -3*j, -2*z - 3 + 4 = -5*j. Let v(m) be the third derivative of -5/24*m**4 - 1/60*m**5 + 0*m - 167*m**2 + 0 + m**3. Determine v(z).
-8
Let s(n) = -9*n - 5. Suppose -196*k - 168 = -280*k. Determine s(k).
-23
Let v(c) be the third derivative of -c**4/8 - c**3/2 + 3*c**2 - c + 98. What is v(5)?
-18
Let j(b) = -72*b**2 + 3*b + 15. Let i(k) = 43*k**2 - k - 8. Let z(f) = -5*i(f) - 3*j(f). Calculate z(3).
-8
Let u(t) be the second derivative of -5*t**3/6 + t**2/2 + t. Let v = 71717 + -71716. Determine u(v).
-4
Let x(a) = 18*a**2 + 120*a - 36. Let t be x(-7). Let z(j) = 11*j - 12. What is z(t)?
54
Let o(v) = -82 - 95 - 1475*v + 13 + 1482*v. Determine o(23).
-3
Let c(s) = 119 - 919*s + 1885*s - 956*s. Calculate c(-13).
-11
Let a(m) be the third derivative of m**5/60 + m**4/12 + 4*m**3/3 - 573*m**2. Give a(-4).
16
Suppose -16*d - 2239 = 2641. Let q = -311 - d. Let h(t) = -t**2 - t - 1. Calculate h(q).
-31
Let n(t) = -3*t - 4*t**3 - 2*t + 12*t - 6*t. Let b = -13 + 20. Suppose -10 = 3*w - b. What is n(w)?
3
Let n(w) = -54*w + 759. Let v = 2573 + -2559. Determine n(v).
3
Suppose -31131 = -47*u + 107754. Let c(o) = o - u + 2953 + 0*o. Give c(-5).
-7
Let y(w) = -1. Let c(k) = -k - 1. Suppose 0 = 3*i - 0 - 6. Let q(g) = i*y(g) + c(g). Suppose -524*x - 3812*x + 28103 = 6423. Determine q(x).
-8
Let u(a) = -2*a**2 - a. Let o(s) = 11*s**2 + 22*s - 11. Let c(t) = -o(t) - 5*u(t). Give c(-17).
11
Suppose 3*y + 13*y + 6*y = 0. Let o(f) = -f**3 - f**2 - 6*f + 10. What is o(y)?
10
Let s be (-6)/4*(-3 + -5 - -6). Let y(k) = 2820*k**3 - 5645*k**s - 7*k**2 + 2826*k**3 + 3 - 8*k. Give y(8).
3
Suppose -w - 6*w + 315 = 0. Suppose -5*v + 10*v - w = 0. Let a(x) = 18 + x**3 + 23 - 9*x + v*x**2 - 33. Calculate a(-10).
-2
Suppose 2 = -3*y + 11. Suppose -15*v - 2 = -14*v. Let x be (1/y)/(v/(-15))*-2. Let b(z) = 2*z + 2. What is b(x)?
-8
Suppose k - b = 3, -5*k = -2*b + 4 - 34. Let n(l) = 6 - 8 + l + k - 4*l. Determine n(5).
-9
Let u = 35 - 20. Let x be (-14)/(-35) + 39/u. Suppose -x*p + p + 10 = 2*d, -4*d - 36 = -3*p. Let z(j) = j**3 - 8*j**2 - j + 9. Calculate z(p).
1
Let h(g) = 17 + 12*g + 10*g + 8*g - 32*g. Let p be (-2)/(40/15) + 51/4. What is h(p)?
-7
Suppose -87*k = 95*k + 1820. Let j(g) be the third derivative of 0*g - g**2 + 0 - 1/24*g**4 - 5/3*g**3. Calculate j(k).
0
Let m(h) = -h**3 - 9*h**2 - 6. Let l = -323 + 312. Let d be (l - -10) + (-8 - 0). What is m(d)?
-6
Let b(j) = 12 + 10 - 4*j**2 - 30 + 2*j + 7*j + 3*j**2. What is b(8)?
0
Let u = -11 + 18. Let n(v) = -9*v + 1 + 9 - 6*v + 13*v. Give n(u).
-4
Let w(r) = -12*r**2 + 13*r + 88. Let q(t) = -11*t**2 + 14*t + 70. Let y(i) = 5*q(i) - 4*w(i). Give y(2).
6
Let q(i) = 24*i - 22. Let w(v) = -11*v + 10. Let z(o) = 6*q(o) + 13*w(o). Let b(j) = -2*j. Let s(y) = 4*b(y) - z(y). Determine s(5).
-43
Let s(k) = -8*k - 1. Suppose -5*l = o - 9, 4*o - 19 + 1 = -2*l. Suppose -o*p + 3*b = -19, 0 = p - 5*b - 39 + 13. Calculate s(p).
-9
Let y(j) = -10*j + 3. Let x = 76 - 76. Let p = x - 2. Let c be (p - 26/(-10))/((-9)/(-45)). Give y(c).
-27
Let g(b) be the third derivative of 0*b + 0 + 26*b**2 + 3/8*b**4 + 1/120*b**6 - 1/3*b**3 - 3/20*b**5. What is g(8)?
6
Let r = 76081/20 + -3804. Let q(v) be the second derivative of 0 - 1/2*v**4 + 5/3*v**3 + 15*v - r*v**5 + 3/2*v**2. Calculate q(-7).
-18
Let q(s) be the third derivative of 55*s**2 - 1/2*s**3 + 1/4*s**4 + 0*s + 0 - 1/60*s**5. Calculate q(5).
2
Suppose -12*a - 2790 = 1194. Let r = 332 + a. Let v(g) = -g - 24. Give v(r).
-24
Let d be 0 + 12/(3 + 0). Let k be ((-104)/3)/d - (-3)/(-9). Let l(a) = -a**3 - 9*a**2. Calculate l(k).
0
Let p be 3/(((-189)/12)/21). Let m(v) = v**2 + 30*v + 102. Give m(p).
-2
Let y(x) = -3*x**3 + 2*x**2 - x + 1. Let v = 586 - 338. Let a = v - 246. Calculate y(a).
-17
Let u(l) = 23*l - 92. Let w be u(5). Suppose -j - w*j + 48 = 0. Let r(a) = -2*a**2 - 3*a + 2. Calculate r(j).
-12
Suppose s + p + 3 = 1, 3*s + 2*p = -2. Let a(d) = -44*d**2 - 7*d - 42*d**2 - 7 + 85*d**s. Suppose -80 = 3*n + 7*n. What is a(n)?
-15
Let h = 3363 - 3369. Let w(v) = -v**2 - 7*v - 2. Calculate w(h).
4
Let f(l) be the third derivative of l**8/20160 - 13*l**7/5040 - l**6/144 + 23*l**5/60 + 22*l**2 + 4*l. Let m(k) be the third derivative of f(k). Calculate m(9).
-41
Let m(r) be the first derivative of -r**5/30 + r**4/8 + 113*r**3/3 - 75. Let n(l) be the third derivative of m(l). What is n(-3)?
15
Let k(m) = -m**2 - 5*m + 15*m + 13*m - 19*m + 7*m - 13. Determine k(9).
5
Let d(v) be the third derivative of v**4/12 + 8*v**3/3 + v**2. Suppose 